 and u?
3
Let w be (-42)/(-12) + 1/(-2). Suppose -6 = -5*q + 3*q. What is the greatest common divisor of q and w?
3
Suppose h - 60 = -4*h. Suppose -s + h + 2 = 0. Suppose -247 = -4*a - 5*u - 8, 44 = a - 4*u. What is the highest common divisor of s and a?
14
Let q = -5 + 11. Let g be (q - 6) + 1*4. Calculate the highest common factor of 12 and g.
4
Let m be -5*(-3 - -4)*-1. Suppose -m*n = -0*n - 120. Let v = -5 + 17. What is the greatest common divisor of v and n?
12
Let j = -16 - -168. Suppose 2*u + 38 = 4*u. Calculate the highest common divisor of j and u.
19
Suppose -5*l - y + 16 = -3*y, 4*l = -4*y + 24. Let k be 1 + 2/l*12. What is the greatest common factor of k and 1?
1
Suppose 4*l - 6 = 2. Suppose -2*r - 3*t + 105 = -0*r, -4*r - l*t + 230 = 0. Calculate the highest common factor of 15 and r.
15
Suppose 126 = 3*q + 3*l, -66 = -3*q + 3*l + 78. Suppose -2 = -3*t + 25. What is the greatest common factor of q and t?
9
Suppose -l + 33 - 8 = 0. Calculate the greatest common factor of l and 5.
5
Suppose 2*f + 1 = -4*w + 3, 5*w - f = 20. Suppose u = -3*u + 24. Calculate the highest common divisor of u and w.
3
Let n(h) = h**2 - 7*h + 13. Let k be n(-15). Calculate the greatest common factor of k and 49.
49
Let c(q) = -4*q. Let x(n) = n - 1. Let r(a) = c(a) + 2*x(a). Let p be r(-3). Let m = 20 - p. What is the greatest common divisor of m and 24?
8
Suppose -5*q + 0*q + 5*i + 80 = 0, 0 = -4*q - 5*i + 64. Let j = q - -74. Let t be (-10)/(-3)*6/2. Calculate the greatest common divisor of t and j.
10
Let t = 28 + -14. What is the highest common divisor of t and 56?
14
Let o(z) = 2*z**2 - 9*z - 5. Let v be o(6). What is the highest common factor of 13 and v?
13
Let t = 23 - 16. Let x(k) = k + 6. Let r = -3 + -2. Let c be x(r). Calculate the greatest common factor of c and t.
1
Let p = 136 + 242. Calculate the highest common divisor of 42 and p.
42
Suppose 5*z + 77 = 3*o, -z = -5*o + 2*z + 107. Calculate the greatest common factor of o and 19.
19
Suppose 1 = l - 4*i + 12, 0 = 2*l - 4*i + 10. Let u be (-1 - -2 - l)*-1. Suppose -4*p - 19 + 459 = u. What is the highest common factor of 10 and p?
10
Suppose -20 = 5*t, -14 = -3*h + 4*t + 230. What is the highest common factor of 19 and h?
19
Let m = -18 + 21. Let c = 0 - -3. Suppose 2*g - 71 = -4*y - y, -c*g = -2*y + 36. What is the highest common factor of m and y?
3
Suppose 4*o + 19 - 139 = 0. Let s(u) = u + 1. Let h(z) = 3*z. Let d(q) = -2*h(q) + 3*s(q). Let g be d(-4). Calculate the greatest common factor of g and o.
15
Let l(q) = -182*q + 1. Let r be l(-1). Let g = -127 + r. Calculate the greatest common divisor of 14 and g.
14
Suppose -o - 24 = -2*o. Let j(q) = -q + 2. Let i be j(7). Let c = i - -17. What is the greatest common factor of c and o?
12
Let v be (-398)/(-4) - 1/(-2). Let b = 210 - 190. What is the greatest common factor of b and v?
20
Suppose -4*l + 45 - 13 = 4*d, -d - 2 = -l. Let y be (9 - l)/(3 + -1). Let f be 47 + 1 - (-2 + y). What is the highest common factor of f and 6?
6
Let s be ((-126)/(-5))/((-4)/(-10)). Suppose -4*p - 2*v = -20, -2*p = p - 5*v + 11. Let c = 4 + p. What is the highest common divisor of s and c?
7
Suppose 0 = -3*q + 9*q - 84. Calculate the highest common divisor of 210 and q.
14
Let b = 39 - -127. Let o = 5 + 1. Suppose 5*q - b = -o. What is the greatest common factor of 80 and q?
16
Let t = 2 - -1. Suppose t*g + 5*z = 61, 5*g + z = 3*z + 50. Let v(f) = f**2 - 2*f + 1. Let b be v(-5). Calculate the highest common factor of g and b.
12
Let r = -34 + 35. Suppose 0 = o + 4*o - 25. Calculate the highest common factor of o and r.
1
Suppose -4*u + 3 = -1. Let q be u/2 - (-6)/4. Let r(x) = -5*x + 1. Let y be r(-1). What is the greatest common factor of y and q?
2
Suppose -3*l + 468 - 153 = 0. Calculate the greatest common factor of 15 and l.
15
Suppose -3*w + 220 = 2*w. What is the greatest common divisor of w and 11?
11
Let l(o) = 3*o**2 - 7. Let p be l(5). Let u = 200 - p. Calculate the highest common factor of 12 and u.
12
Suppose -4*k + 2*k = -32. Suppose 4*x - 8 = k. Suppose 2*q - 2*z + 0*z = 128, -z = -2. Calculate the greatest common divisor of q and x.
6
Let v be 31 + ((-2)/11 - 140/(-44)). Calculate the greatest common factor of v and 238.
34
Let r = -9 + 12. Suppose 0 = 2*f - r*l - 186, 2*f + 2*l - 123 - 53 = 0. What is the highest common factor of 10 and f?
10
Suppose -2*x - 4*z = -34, -z = -5*x + 3*z + 57. Let l = 5 - -112. What is the greatest common factor of x and l?
13
Let q be (-1 + 0)*(-2 + -2). Let d(x) = -x**3 + 2*x**2 + 4*x - 4. Let z be d(3). Let k be (-44)/(-12) + z/(-3). What is the highest common factor of q and k?
4
Suppose 0 = -3*b + 368 - 20. What is the greatest common factor of 29 and b?
29
Let p = -301 + 455. Suppose 2*n = 20 + 8. What is the greatest common factor of n and p?
14
Suppose 1 + 79 = 5*z. Suppose 2*g - 2*n - 3 = 23, 4*n = -z. Calculate the highest common divisor of 9 and g.
9
Suppose -2*l + 4 = -4*d + 6*d, -2*d - 4*l + 4 = 0. Suppose d*f - 46 = -z + 62, 2*f - 5*z - 120 = 0. What is the highest common divisor of f and 22?
11
Suppose -4*b + 724 = -5*o, 0 = b + 4*b + 4*o - 864. Calculate the greatest common divisor of b and 11.
11
Suppose -64 = -5*o - u, -5*o + 3*u + 48 = -0*u. Let s = -24 + o. Let x be 4/6 - 136/s. What is the highest common divisor of x and 48?
12
Suppose 3*y = -5*b - y + 562, 2*b + y - 223 = 0. What is the greatest common factor of 22 and b?
22
Suppose -32*r + 30*r = -30. What is the greatest common divisor of r and 75?
15
Suppose 2*q + 0*q = -4*s - 14, 2*q = -5*s - 18. Let b = 1 + q. Calculate the greatest common factor of b and 8.
2
Let b be ((-4)/6)/((-12)/7254). Suppose 2*p + 2*p + 4*x - 820 = 0, 0 = -2*p + 5*x + b. Let q = p + -123. What is the greatest common divisor of 9 and q?
9
Let b be 1*-1 - (-7 + -85). Calculate the highest common divisor of b and 13.
13
Let z(n) = n**3 - 6*n**2 + 3. Let c be 9 + -2 - 1/1. Let v be z(c). Suppose -v = -4*p + 5. Calculate the highest common factor of 3 and p.
1
Let v = -116 + 224. Let z(a) = -a**3 - 3*a**2 - 5*a + 3. Let h be z(-3). What is the highest common divisor of v and h?
18
Let g(o) = -5*o**3 + o**2 - o + 1. Let j be g(1). Let h(q) = -q - 2. Let n be h(j). What is the greatest common factor of n and 2?
2
Let o = 4 - 0. Let r = o + -2. Suppose -5*v + 0*f - r*f = -515, 3*f + 15 = 0. What is the greatest common factor of v and 15?
15
Suppose 0*g = -2*g + 2*w + 8, -22 = -4*g + w. Let v(o) = 8*o + 1. Let m be v(g). Calculate the highest common divisor of 7 and m.
7
Suppose 2*i - 3*w = 252, -i + 91 = -w - 33. Suppose 4*l = -l + 135. Let p be (-6)/27 + 411/l. Calculate the highest common divisor of i and p.
15
Suppose 2*p + 2*o - 1242 = 0, 627 = -0*p + p + 3*o. Suppose -5*g = 3*z - 1204, 4*g - p - 346 = -2*z. Calculate the highest common factor of 22 and g.
22
Suppose -2*z = -10 + 6. Suppose -z*h + 0*h + 2 = 0. Let l(m) = -m**2 - 7*m - 7. Let f be l(-5). Calculate the greatest common factor of h and f.
1
Suppose 0 = 3*o - 6*o + 120. What is the greatest common divisor of 8 and o?
8
Let f(n) = -2*n**3 - 2*n**2 + 5*n + 1. Let t be f(-4). Let q(d) = -d**2 + 12*d + 24. Let s be q(13). What is the highest common factor of s and t?
11
Let u(v) = -5*v**3 - 2*v**2 + 2. Let j be u(-1). Let k = 5 + -3. Suppose 4 = -k*l + l, 0 = r + 3*l - 28. Calculate the greatest common divisor of j and r.
5
Suppose 3*d - 2*d - 23 = 0. Let k = d - 35. Let b be 4/(k/9) + 20. What is the highest common factor of b and 51?
17
Let n(x) = -3*x**2 + 5*x + 4. Let l be n(4). Let t be (-32)/3*(-45)/12. Let q = t + l. What is the greatest common divisor of q and 4?
4
Let s(d) = 3*d + 54. Let i be s(-14). Suppose 0 = 5*j - 420 + 60. Calculate the greatest common divisor of i and j.
12
Let q be -4*(2 + -2 + -4). Let t = -18 - -16. Let m(r) = 3*r**2 - 3*r - 2. Let c be m(t). What is the highest common factor of q and c?
16
Suppose -3*b - 132 = -4*v, 2*v + v - 2*b - 98 = 0. Suppose 5*n + 26 = 3*z, -2*z - 1 = -5*n - 15. Calculate the highest common factor of z and v.
6
Suppose -2*l + 61 = 5*x, 3*x - 3 - 6 = 0. Let w = l - 14. Calculate the highest common factor of 81 and w.
9
Suppose 4 = -4*w - 4*f, 3*w - 1 - 1 = 2*f. Suppose w = 2*x + 8, -2*q - 2*x = -x - 6. Let l = q + 5. Calculate the greatest commo